ulate the highest common divisor of 3470 and 50.
10
What is the highest common factor of 378 and 3843?
63
What is the greatest common divisor of 213 and 15?
3
What is the greatest common divisor of 304 and 95?
19
Calculate the greatest common factor of 1450 and 58.
58
Calculate the greatest common factor of 72 and 984.
24
What is the highest common factor of 296 and 11988?
148
What is the highest common factor of 9 and 558?
9
What is the greatest common divisor of 240 and 6?
6
What is the greatest common divisor of 153 and 72?
9
What is the highest common divisor of 4136 and 176?
88
Calculate the greatest common factor of 256 and 20.
4
Calculate the greatest common factor of 66 and 6.
6
What is the greatest common factor of 175 and 56?
7
What is the highest common divisor of 80 and 288?
16
What is the highest common divisor of 310 and 70?
10
What is the highest common factor of 252 and 90?
18
What is the highest common factor of 100 and 60?
20
What is the greatest common factor of 4665 and 45?
15
Calculate the greatest common divisor of 93 and 341.
31
Calculate the greatest common factor of 48 and 129.
3
Calculate the highest common factor of 312 and 384.
24
What is the greatest common divisor of 12 and 204?
12
What is the greatest common factor of 40 and 2120?
40
What is the greatest common factor of 205 and 126895?
205
What is the greatest common factor of 776 and 873?
97
Calculate the highest common factor of 700 and 40.
20
What is the greatest common divisor of 7 and 39606?
7
Calculate the greatest common divisor of 493 and 17.
17
Calculate the greatest common factor of 5 and 65.
5
Calculate the highest common divisor of 17 and 1088.
17
Calculate the greatest common factor of 10 and 30.
10
Calculate the greatest common factor of 2128 and 19.
19
Calculate the highest common factor of 196 and 14.
14
Calculate the highest common factor of 1400 and 1260.
140
What is the greatest common factor of 45 and 420?
15
What is the highest common divisor of 24 and 1884?
12
What is the greatest common factor of 41 and 7339?
41
Calculate the highest common divisor of 78 and 208.
26
Calculate the highest common factor of 149 and 1043.
149
What is the highest common divisor of 150 and 5350?
50
What is the highest common factor of 174 and 290?
58
Calculate the highest common factor of 279 and 45.
9
What is the highest common divisor of 5 and 80?
5
Calculate the greatest common divisor of 280 and 4550.
70
Calculate the highest common factor of 80 and 48.
16
What is the highest common factor of 108 and 192?
12
Calculate the greatest common factor of 33700 and 400.
100
Calculate the greatest common factor of 1909 and 1328.
83
Calculate the highest common factor of 3 and 177.
3
Calculate the greatest common divisor of 1 and 457.
1
Calculate the greatest common factor of 148 and 6068.
148
What is the highest common factor of 120 and 92520?
120
What is the highest common divisor of 1179 and 99?
9
What is the greatest common factor of 60 and 1220?
20
Calculate the highest common factor of 64 and 8.
8
What is the highest common factor of 243 and 14499?
81
What is the highest common divisor of 350 and 20?
10
Calculate the highest common divisor of 357 and 17.
17
Calculate the greatest common divisor of 9889 and 217.
31
Calculate the highest common divisor of 4393 and 46.
23
Calculate the greatest common factor of 5656 and 112.
56
What is the highest common factor of 4560 and 960?
240
What is the greatest common factor of 12570 and 180?
30
Calculate the greatest common factor of 231 and 4179.
21
What is the greatest common factor of 28 and 658?
14
What is the greatest common divisor of 23 and 3?
1
Calculate the greatest common factor of 32 and 84.
4
What is the highest common divisor of 22506 and 558?
186
Calculate the greatest common factor of 102963 and 21.
21
Calculate the highest common factor of 481 and 37.
37
Calculate the greatest common divisor of 3102 and 396.
66
Calculate the highest common factor of 40437 and 9.
9
Calculate the highest common factor of 126 and 336.
42
What is the greatest common factor of 99 and 19041?
33
Calculate the highest common factor of 2860 and 1980.
220
Calculate the highest common divisor of 273 and 21.
21
What is the greatest common divisor of 52 and 1066?
26
Calculate the greatest common divisor of 52 and 156.
52
Calculate the highest common factor of 3172 and 183.
61
Calculate the greatest common divisor of 26441 and 274.
137
What is the greatest common divisor of 26 and 2?
2
Calculate the highest common factor of 15521 and 83.
83
Calculate the highest common factor of 1643 and 159.
53
Calculate the highest common factor of 9 and 167.
1
What is the highest common divisor of 21 and 2919?
21
What is the highest common factor of 110 and 66?
22
Calculate the greatest common factor of 70 and 5278.
14
Calculate the highest common divisor of 2568 and 48.
24
What is the highest common divisor of 1864 and 16?
8
Calculate the highest common divisor of 4570 and 10.
10
Calculate the highest common divisor of 801 and 445.
89
What is the greatest common divisor of 99 and 363?
33
What is the highest common divisor of 4 and 1264?
4
What is the highest common factor of 2815 and 25?
5
Calculate the greatest common divisor of 512 and 416.
32
What is the greatest common divisor of 5130 and 36?
18
What is the highest common factor of 288 and 2232?
72
Calculate the greatest common factor of 21 and 3633.
21
What is the highest common divisor of 512 and 32?
32
What is the greatest common divisor of 48 and 96?
48
Calculate the greatest common divisor of 90 and 1200.
30
Calculate the highest common factor of 104 and 2210.
26
What is the greatest common divisor of 124 and 12?
4
Calculate the greatest common divisor of 16 and 72.
8
What is the highest common divisor of 56 and 3962?
14
What is the highest common factor of 1 and 227?
1
What is the greatest common factor of 840 and 651?
21
Calculate the highest common divisor of 25 and 5.
5
What is the highest common factor of 70 and 1022?
14
What is the greatest common divisor of 654 and 48?
6
What is the highest common divisor of 895 and 15?
5
What is the greatest common factor of 22 and 11847?
11
What is the greatest common divisor of 90 and 120?
30
What is the highest common factor of 2652 and 117?
39
What is the highest common divisor of 7496 and 4?
4
What is the greatest common divisor of 10 and 830?
10
What is the greatest common divisor of 114 and 150?
6
Calculate the highest common factor of 28 and 567.
7
What is the greatest common divisor of 2105 and 10?
5
What is the highest common factor of 4482 and 249?
249
What is the greatest common divisor of 25 and 575?
25
Calculate the greatest common factor of 3552 and 111.
111
Calculate the highest common divisor of 2144 and 4.
4
Calculate the greatest common divisor of 215 and 5.
5
Calculate the greatest common factor of 93 and 279.
93
Calculate the greatest common factor of 12733 and 428.
107
What is the greatest common factor of 430 and 20?
10
What is the greatest common factor of 77 and 11?
11
What is the highest common factor of 896 and 616?
56
Calculate the greatest common divisor of 41 and 4141.
41
What is the greatest common divisor of 156 and 72?
12
What is the highest common factor of 29595 and 45?
15
What is the highest common factor of 24 and 2844?
12
Calculate the greatest common factor of 10 and 8410.
10
What is the highest common divisor of 138 and 230?
46
Calculate the highest common divisor of 532 and 28.
28
Calculate the highest common divisor of 141 and 3.
3
What is the greatest common divisor of 228 and 3648?
228
Calculate the greatest common divisor of 308 and 9812.
44
What is the greatest common divisor of 2134 and 308?
22
What is the greatest common divisor of 99 and 1584?
99
Calculate the highest common divisor of 85 and 5.
5
Calculate the greatest common factor of 15435 and 15.
15
What is the greatest common divisor of 46210 and 10?
10
What is the greatest common divisor of 66 and 528?
66
Calculate the greatest common divisor of 27 and 1.
1
What is the greatest common divisor of 764 and 573?
191
Calculate the highest common factor of 1316 and 28.
28
Calculate the greatest common factor of 1474 and 1206.
134
What is the highe